the greatest common divisor of 6 and 1182.
6
What is the greatest common divisor of 72 and 312?
24
Calculate the highest common factor of 238 and 68.
34
What is the highest common factor of 8868 and 60?
12
Calculate the highest common factor of 2030 and 770.
70
What is the highest common factor of 1269 and 1504?
47
Calculate the highest common divisor of 216 and 144.
72
Calculate the greatest common factor of 134 and 4690.
134
Calculate the highest common divisor of 1037 and 102.
17
What is the greatest common factor of 6893 and 113?
113
What is the highest common factor of 850 and 34?
34
What is the greatest common factor of 4389 and 836?
209
What is the highest common factor of 8335 and 5?
5
Calculate the greatest common factor of 858 and 234.
78
What is the greatest common divisor of 780 and 4?
4
Calculate the highest common factor of 3430 and 1190.
70
Calculate the highest common factor of 44 and 852.
4
What is the highest common divisor of 220 and 16?
4
What is the highest common divisor of 186 and 3534?
186
What is the highest common factor of 7198 and 2242?
118
Calculate the highest common divisor of 20604 and 68.
68
Calculate the greatest common factor of 477 and 9.
9
Calculate the highest common factor of 12 and 10932.
12
What is the highest common factor of 45 and 555?
15
What is the highest common divisor of 41676 and 276?
276
Calculate the greatest common divisor of 47 and 47.
47
Calculate the greatest common divisor of 1107 and 540.
27
Calculate the highest common divisor of 336 and 483.
21
What is the highest common divisor of 703 and 608?
19
Calculate the greatest common factor of 12 and 276.
12
Calculate the highest common factor of 11 and 19217.
11
What is the highest common factor of 354 and 20709?
177
Calculate the greatest common divisor of 84 and 3054.
6
Calculate the greatest common divisor of 24 and 67.
1
Calculate the highest common factor of 54 and 54.
54
Calculate the greatest common factor of 740 and 140.
20
Calculate the highest common divisor of 1540 and 280.
140
Calculate the highest common factor of 34866 and 117.
117
Calculate the highest common factor of 567 and 441.
63
Calculate the greatest common factor of 33000 and 24.
24
What is the highest common factor of 301 and 43?
43
Calculate the greatest common divisor of 16489 and 44.
11
Calculate the greatest common divisor of 909 and 808.
101
What is the highest common divisor of 550 and 22?
22
What is the greatest common divisor of 2520 and 1064?
56
Calculate the highest common factor of 513 and 741.
57
Calculate the greatest common factor of 44 and 32.
4
What is the highest common factor of 745 and 2533?
149
Calculate the highest common divisor of 7 and 4963.
7
Calculate the greatest common divisor of 4 and 718.
2
Calculate the highest common divisor of 226 and 84298.
226
Calculate the greatest common divisor of 2 and 3.
1
What is the greatest common factor of 1603 and 7?
7
What is the highest common factor of 295 and 472?
59
Calculate the greatest common factor of 14596 and 820.
164
What is the greatest common divisor of 264 and 552?
24
Calculate the greatest common divisor of 72 and 180.
36
What is the greatest common factor of 351 and 13?
13
What is the greatest common factor of 500 and 60?
20
Calculate the greatest common divisor of 36 and 1116.
36
Calculate the greatest common factor of 1269 and 94.
47
What is the highest common divisor of 92 and 115?
23
What is the greatest common factor of 13 and 702?
13
What is the highest common factor of 924 and 60?
12
Calculate the highest common factor of 240 and 135.
15
What is the greatest common divisor of 527 and 17?
17
What is the greatest common divisor of 912 and 208?
16
Calculate the greatest common factor of 26 and 169.
13
Calculate the highest common divisor of 481 and 259.
37
What is the greatest common divisor of 100 and 12550?
50
What is the highest common factor of 70 and 13930?
70
What is the highest common factor of 4 and 452?
4
Calculate the greatest common factor of 63 and 441.
63
What is the highest common divisor of 217 and 155?
31
Calculate the highest common divisor of 4164 and 60.
12
Calculate the highest common factor of 1353 and 33.
33
What is the greatest common factor of 3700 and 25?
25
Calculate the highest common factor of 3525 and 282.
141
Calculate the highest common factor of 240 and 1830.
30
Calculate the highest common divisor of 58586 and 22.
22
Calculate the highest common factor of 53 and 583.
53
What is the highest common factor of 24 and 588?
12
Calculate the greatest common divisor of 40069 and 34.
17
Calculate the greatest common divisor of 5425 and 425.
25
Calculate the highest common factor of 195 and 645.
15
What is the greatest common factor of 117 and 180?
9
Calculate the greatest common divisor of 56775 and 75.
75
Calculate the highest common factor of 18 and 1629.
9
Calculate the highest common divisor of 1971 and 81.
27
What is the highest common divisor of 66 and 102?
6
What is the highest common factor of 506 and 230?
46
Calculate the highest common factor of 11 and 22.
11
What is the highest common divisor of 1737 and 45?
9
Calculate the highest common factor of 207 and 30843.
207
What is the highest common factor of 18540 and 9?
9
Calculate the highest common divisor of 847 and 77.
77
What is the greatest common divisor of 195 and 650?
65
What is the greatest common divisor of 1924 and 12?
4
Calculate the greatest common divisor of 826 and 56.
14
Calculate the greatest common divisor of 930 and 10.
10
Calculate the highest common factor of 45 and 81.
9
Calculate the greatest common factor of 143 and 253.
11
What is the highest common divisor of 351 and 81?
27
Calculate the greatest common factor of 4 and 227.
1
Calculate the greatest common factor of 2712 and 30.
6
What is the greatest common factor of 3013 and 69?
23
What is the greatest common factor of 205 and 492?
41
What is the highest common factor of 588 and 56?
28
What is the highest common factor of 18 and 261?
9
Calculate the greatest common divisor of 3509 and 58.
29
What is the greatest common factor of 344 and 16?
8
Calculate the greatest common factor of 15 and 1055.
5
Calculate the greatest common divisor of 25 and 5675.
25
Calculate the greatest common factor of 2911 and 284.
71
Calculate the highest common factor of 935 and 22.
11
What is the greatest common factor of 8601 and 611?
47
Calculate the greatest common factor of 88 and 572.
44
Calculate the highest common divisor of 16 and 6.
2
Calculate the highest common divisor of 37 and 1.
1
Calculate the highest common divisor of 1411 and 85.
17
Calculate the highest common divisor of 6 and 402.
6
What is the highest common factor of 44 and 55?
11
What is the greatest common divisor of 1134 and 168?
42
What is the greatest common factor of 468 and 30?
6
Calculate the highest common divisor of 3546 and 90.
18
Calculate the greatest common factor of 37842 and 68.
34
What is the highest common divisor of 30887 and 67?
67
Calculate the greatest common divisor of 17811 and 27.
9
Calculate the highest common factor of 2190 and 949.
73
What is the greatest common divisor of 245 and 147?
49
Calculate the greatest common factor of 480 and 1704.
24
Calculate the greatest common divisor of 247 and 65.
13
Calculate the greatest common factor of 93 and 775.
31
Calculate the greatest common factor of 180 and 1152.
36
What is the greatest common factor of 30 and 45?
15
What is the greatest common divisor of 228 and 817?
19
What is the highest common divisor of 153 and 3009?
51
What is the greatest common factor of 80 and 265?
5
What is the highest common factor of 19 and 57?
19
Calculate the highest common divisor of 222 and 962.
74
Calculate the highest common divisor of 14 and 1211.
7
Calculate the greatest common divisor of 95 and 76.
19
What is the greatest common divisor of 10 and 5670?
10
Calculate the greatest common factor of 114 and 25878.
114
Calculate the highest common divisor of 778 and 8.
2
Calculate the greatest common divisor of 33015 and 31.
31
What is the greatest common factor of 5 and 20?
5
What is the highest common factor of 64 and 52?
4
Calculate the highest common divisor of 9 and 33.
3
Calculate the greatest common factor of 1078 an